 f = 22 + -26. Let c be 0*2/f + 0. Suppose -5*o + 3*k + 176 = c, 4*k + 44 = o - k. What are the prime factors of o?
2, 17
Let s be ((-2)/2 + -2)*1. Let m be (-3)/5 + s/(-5). Suppose -24 = -2*b + 2*j, -2*b - 3*b + 2*j + 48 = m. What are the prime factors of b?
2
Let x be (-19)/(-7) - (-14)/49. Suppose 8*h - x*h = 4*y + 175, -4*h + 5*y + 149 = 0. Let z = -18 + h. List the prime factors of z.
13
Suppose 7*d = 182 + 98. Suppose 36*z = d*z - 1056. What are the prime factors of z?
2, 3, 11
Suppose 10*k - 8469 = 17121. What are the prime factors of k?
3, 853
Suppose -2*q + 14 = 12. Let w be (38 - 0)*2 - q. Let d = w - 19. What are the prime factors of d?
2, 7
Suppose c - 24 = -2*u + 4*u, 3*c = -2*u + 40. Let k(i) = i**3 - 16*i**2 + i - 16. Let h be k(c). Suppose h = d - 27 - 22. List the prime factors of d.
7
Let p(q) = q**3 - 18*q**2 - 129*q + 82. What are the prime factors of p(25)?
2, 7, 11
Let f(i) = i**2 - 33*i - 102. What are the prime factors of f(-24)?
2, 3, 211
Let l = 2328 + -522. List the prime factors of l.
2, 3, 7, 43
Let p(d) be the third derivative of d**5/30 + 7*d**4/12 + 3*d**3/2 + 2*d**2. What are the prime factors of p(-9)?
3, 5
Let p(i) = 5*i**2 - 54*i - 11. List the prime factors of p(20).
3, 101
Let u = 16 - 34. Let j be u + (-2 - 1) + 4. Let s = j + 19. What are the prime factors of s?
2
Suppose -20*l + 19*l + 8 = 0. Let v = l - 6. Let m(q) = -q + 4. What are the prime factors of m(v)?
2
Suppose -10*x + 5365 = -695. List the prime factors of x.
2, 3, 101
Let k = -123 + 126. Let n(i) = 6*i**2 + 7*i + 4. Let t be n(-4). Suppose -k*c = 4*z - 134, 6*c = -2*z + 2*c + t. What are the prime factors of z?
2
Suppose -43 - 38 = 3*t. List the prime factors of (-11)/((t/12)/9).
2, 11
Let r be (-17)/153 + 4430/18. Suppose -3*w = -4*n + r, 2*n = 4*n - 2*w - 122. List the prime factors of n.
3, 7
Let k(x) = -x**3 - 3*x**2 - 6*x - 46. List the prime factors of k(-10).
2, 3, 7, 17
Suppose 10*r + 1 = 21. Suppose -r*x = -185 - 201. List the prime factors of x.
193
Let r(h) = -1779*h**3 - h**2 - 4*h - 4. What are the prime factors of r(-1)?
2, 7, 127
Let z = -6 - -80. Let p = 180 - z. List the prime factors of p.
2, 53
Suppose 0 = -3*o + y + 2846, 2*o + 4*y - 1571 = 331. List the prime factors of o.
13, 73
List the prime factors of 39/(-52) + (-5985)/(-12).
2, 3, 83
What are the prime factors of (-1735373)/(-1773) + (-1)/((-9)/2)?
11, 89
Let b be (-2932)/6 - (-2)/3. Let w be (-30)/12*b/10. Suppose 4*j = w - 10. List the prime factors of j.
2, 7
Let t(q) = 26*q + 53. List the prime factors of t(5).
3, 61
Suppose 7*w - 14*w + 35 = 0. Suppose -w*k + 5*r + 902 - 112 = 0, -4*r + 163 = k. What are the prime factors of k?
3, 53
Let m(d) = -d**3 + 2*d + 8*d**3 - d - 8*d**3. Let s(g) = -4*g**3 - 8*g**2 - 5*g + 5. Let i(k) = -2*m(k) + s(k). What are the prime factors of i(-4)?
3, 11
Let j = -11 - -15. Suppose -113 = -3*i - l + 378, 2*l - 658 = -j*i. List the prime factors of i.
2, 3
Let h(q) be the first derivative of 14*q**3/3 + 2*q**2 - 3*q - 7. List the prime factors of h(2).
61
Suppose 5*q - 2*q - 567 = 0. Suppose 3*k = q + 24. List the prime factors of k.
71
Let j = -77 - -151. What are the prime factors of j?
2, 37
Let p(g) = 42*g - 115. What are the prime factors of p(4)?
53
Suppose 11 = 9*l - 34. Suppose 3*k = l*f + 572, 5*f = -6*k + 10*k - 766. What are the prime factors of k?
2, 97
Suppose 3*b + 4 = 25. Suppose u = 5*y + 26, -22 = y + b*u - 3*u. What are the prime factors of (-52)/(-3) + (-4)/y?
2, 3
Suppose -26914 = -29*w + 29172. List the prime factors of w.
2, 967
Suppose 0 = 4*i - 4*q + 749 - 61, -152 = i + 3*q. Suppose 0 = -x + 4*f - 92, x - 2*x = -f + 89. Let y = x - i. List the prime factors of y.
79
Let o = 387 + -224. List the prime factors of o.
163
Suppose -50 = -2*a + 4*v, 3*v + 68 = 2*a + 5*v. List the prime factors of a.
31
Suppose 0*t + 7145 = 5*t. What are the prime factors of t?
1429
Let m = 243 + -47. Let p = m + -44. List the prime factors of p.
2, 19
Let a = -2412 - -7595. List the prime factors of a.
71, 73
Let v = -189 + 238. What are the prime factors of v?
7
Suppose -141 = k - 1158. Suppose -2*q + q = -2*a + 405, -4*q = -5*a + k. What are the prime factors of a?
3, 67
Let l be 3*(-1 + 4/6). What are the prime factors of (15/(-21) - l) + (-600)/(-7)?
2, 43
Suppose -6*i - 31 = -2035. List the prime factors of i.
2, 167
Let s(x) = x**3 - 4*x**2 - 5*x - 3. Let k be s(5). Let n be 16/6 - k/9. List the prime factors of 1 - 3 - n*-3.
7
Let o = 204 + -210. Let c(m) = 8*m**2 - 3*m - 1. Let j be c(-3). What are the prime factors of (o/2)/(-6)*j?
2, 5
Let i(p) = -160*p + 4 - 10 + 3. List the prime factors of i(-1).
157
Let v(d) = 18*d**3 - 2*d**2 + 10. List the prime factors of v(3).
2, 239
Let d(g) = -2*g**3 + 6*g**2 - 6. What are the prime factors of d(-6)?
2, 3, 107
Suppose -2*f - 16 = 3*q, 2*q + 29 = -5*f - 0*q. Suppose -309 + 904 = -17*i. List the prime factors of -4 - f - -1 - i.
37
Suppose 5*n - 641 - 72 = -2*s, s = 5*n + 394. List the prime factors of s.
3, 41
Suppose 0 = 4*u, -5*s - 6*u + 3*u = -120. Suppose -3*r - 5*c - 2 = -6, 0 = 2*r - 2*c + s. Let d(j) = -3*j - 3. List the prime factors of d(r).
2, 3
Let m be (-272)/72 - 4/18. What are the prime factors of 1*2/m + (-58)/(-4)?
2, 7
Let l be ((-28)/6)/(7/(-420)*-8). Let s = l + 163. What are the prime factors of s?
2
Let p be ((-24)/(-18))/(8/6). List the prime factors of (-10)/(-6 + p)*18.
2, 3
Suppose -2*s + 8 = -2*w, -5*s + 10 + 13 = -2*w. List the prime factors of (36/(-20))/(w/(-10)).
2, 3
Let h(x) = x**3 - 6*x**2 - 11*x + 6. Let d be h(8). Let m = -30 + d. Let t = -4 + m. What are the prime factors of t?
2, 3
Let l = -13 - -19. Suppose -l = -y - 7. What are the prime factors of y/(4/(-124)) - 0?
31
Let v = 1637 + -387. List the prime factors of v.
2, 5
Let q be (-12)/(-60) - (-64)/5. Let c = q - -4. List the prime factors of c.
17
Let y(s) = 11*s**2 - 3*s + 4. Let a(d) = d - 10. Let g be a(11). Suppose 3 = w + g. List the prime factors of y(w).
2, 3, 7
Suppose 5*i - 2*i = -2*k + 17, 2*k + 13 = 3*i. Suppose -2*q + 6 = 2, 177 = i*o + q. Let d = o - -9. What are the prime factors of d?
2, 11
Let r be ((-22)/(-14) + -2)*(-6 - 1). Suppose 95 = 3*a - r*q - q, 5*a - 165 = 5*q. List the prime factors of a.
37
Let u(o) = -o - 8. Let d be u(4). Let s = 0 - d. What are the prime factors of s?
2, 3
Let s = -409 + 709. Suppose -4*q + 2*h + 394 = 0, 4*q + 2*h = s + 98. List the prime factors of q.
3, 11
Let q(f) = 6*f**2 - 10*f + 3. What are the prime factors of q(10)?
503
Let j(t) be the third derivative of -4*t**4/3 - 2*t**3/3 + 4*t**2. What are the prime factors of j(-2)?
2, 3, 5
List the prime factors of 607310/440 - (-6)/8.
1381
Suppose -2*w + 75 - 33 = 0. Let j = 69 - w. List the prime factors of j.
2, 3
What are the prime factors of 93610/77 + (-4)/(-14)?
2, 19
Suppose 4*u = -p - u + 3, 2*p - 6 = 2*u. Suppose d - 4*g = 14, 4*d - 3 - 15 = -p*g. Let i = 30 - d. What are the prime factors of i?
2, 3
List the prime factors of 15176/32 + (-2)/8.
2, 3, 79
Suppose 14*b + 156228 = 61*b. List the prime factors of b.
2, 3, 277
Suppose -4*n = -2*n - 12. Suppose -i - n*i + 364 = 0. List the prime factors of i.
2, 13
Let l(x) = -x - 7. Let q(y) = y**3 + 4*y**2 - 5*y - 6. Let m be q(-5). Let i be l(m). Let g = 47 + i. What are the prime factors of g?
2, 23
Suppose -5*x + 0*j - 5*j + 80 = 0, -5*j + 20 = 0. Let d = 32 - x. What are the prime factors of d?
2, 5
Let h(p) = -58*p + 186. List the prime factors of h(-20).
2, 673
Suppose j - 177 = -2*j. Suppose -5*d - 155 = -15. Let r = j + d. What are the prime factors of r?
31
Let c = 1071 - 630. What are the prime factors of -1*-1*4*c/28?
3, 7
Suppose -3*u + 343 = -1301. List the prime factors of u.
2, 137
Let f = -33 + 37. Suppose -149 = f*v - 721. List the prime factors of v.
11, 13
Let r be ((-18)/(-12))/((-9)/132). Let h be (-46)/(-11) - (-4)/r. Suppose 3*u - 61 = -0*u + h*b, -u - 2*b = -37. List the prime factors of u.
3
Suppose 22 = 3*w + b - 3*b, 0 = 5*w - b - 39. Suppose -2*n + 12 = -w. What are the prime factors of n?
2, 5
Suppose -b - 3 = 29. Suppose 3*l = 3*k + 18, l = 6*l + 2*k - 16. List the prime factors of ((-2)/l)/(4/b).
2
Let q(i) = -i**3 + 11*i**2 + i - 15. Let d be q(11). Let h be (d/6)/((-7)/252). What are the prime fa